Last updated on 2024-07-13 12:48:32 CEST.
Flavor | Version | Tinstall | Tcheck | Ttotal | Status | Flags |
---|---|---|---|---|---|---|
r-devel-linux-x86_64-debian-clang | 0.0.3 | 7.29 | 82.95 | 90.24 | OK | |
r-devel-linux-x86_64-debian-gcc | 0.0.3 | 7.41 | 64.91 | 72.32 | OK | |
r-devel-linux-x86_64-fedora-clang | 0.0.3 | 119.34 | OK | |||
r-devel-linux-x86_64-fedora-gcc | 0.0.3 | 124.52 | OK | |||
r-devel-windows-x86_64 | 0.0.3 | 10.00 | 80.00 | 90.00 | NOTE | |
r-patched-linux-x86_64 | 0.0.3 | 8.13 | 79.44 | 87.57 | OK | |
r-release-linux-x86_64 | 0.0.3 | 9.23 | 80.17 | 89.40 | OK | |
r-release-macos-arm64 | 0.0.3 | 39.00 | OK | |||
r-release-macos-x86_64 | 0.0.3 | 62.00 | OK | |||
r-release-windows-x86_64 | 0.0.3 | 9.00 | 78.00 | 87.00 | OK | |
r-oldrel-macos-arm64 | 0.0.3 | 48.00 | OK | |||
r-oldrel-macos-x86_64 | 0.0.3 | 125.00 | OK | |||
r-oldrel-windows-x86_64 | 0.0.3 | 11.00 | 95.00 | 106.00 | OK |
Version: 0.0.3
Check: Rd cross-references
Result: NOTE
Found the following Rd file(s) with Rd \link{} targets missing package
anchors:
WoodburyMatrix-class.Rd: Matrix-class, symmetricMatrix-class
solve-methods.Rd: Matrix-class
Please provide package anchors for all Rd \link{} targets not in the
package itself and the base packages.
Flavor: r-devel-windows-x86_64