Last updated on 2024-08-16 12:49:24 CEST.
Flavor | Version | Tinstall | Tcheck | Ttotal | Status | Flags |
---|---|---|---|---|---|---|
r-devel-linux-x86_64-debian-clang | 0.1.2 | 4.25 | 54.15 | 58.40 | NOTE | |
r-devel-linux-x86_64-debian-gcc | 0.1.2 | 2.91 | 41.29 | 44.20 | NOTE | |
r-devel-linux-x86_64-fedora-clang | 0.1.2 | 96.48 | OK | |||
r-devel-linux-x86_64-fedora-gcc | 0.1.2 | 104.17 | OK | |||
r-devel-windows-x86_64 | 0.1.2 | 5.00 | 69.00 | 74.00 | NOTE | |
r-patched-linux-x86_64 | 0.1.2 | 6.93 | 51.88 | 58.81 | OK | |
r-release-linux-x86_64 | 0.1.2 | 3.98 | 52.44 | 56.42 | OK | |
r-release-macos-arm64 | 0.1.2 | 38.00 | OK | |||
r-release-macos-x86_64 | 0.1.2 | 58.00 | OK | |||
r-release-windows-x86_64 | 0.1.2 | 5.00 | 68.00 | 73.00 | OK | |
r-oldrel-macos-arm64 | 0.1.2 | 40.00 | OK | |||
r-oldrel-macos-x86_64 | 0.1.2 | 77.00 | OK | |||
r-oldrel-windows-x86_64 | 0.1.2 | 7.00 | 75.00 | 82.00 | OK |
Version: 0.1.2
Check: Rd cross-references
Result: NOTE
Found the following Rd file(s) with Rd \link{} targets missing package
anchors:
02-util.Rd: xmlParseDoc, igraph
03-main.Rd: igraph, plot.igraph
Please provide package anchors for all Rd \link{} targets not in the
package itself and the base packages.
Flavors: r-devel-linux-x86_64-debian-clang, r-devel-linux-x86_64-debian-gcc, r-devel-windows-x86_64