Last updated on 2024-08-16 12:49:24 CEST.
Flavor | Version | Tinstall | Tcheck | Ttotal | Status | Flags |
---|---|---|---|---|---|---|
r-devel-linux-x86_64-debian-clang | 1.1.4 | 24.27 | 308.12 | 332.39 | OK | |
r-devel-linux-x86_64-debian-gcc | 1.1.4 | 15.06 | 206.10 | 221.16 | OK | |
r-devel-linux-x86_64-fedora-clang | 1.1.4 | 528.06 | NOTE | |||
r-devel-linux-x86_64-fedora-gcc | 1.1.4 | 508.57 | OK | |||
r-devel-windows-x86_64 | 1.1.4 | 22.00 | 310.00 | 332.00 | NOTE | |
r-patched-linux-x86_64 | 1.1.4 | 24.45 | 285.30 | 309.75 | OK | |
r-release-linux-x86_64 | 1.1.4 | 20.33 | 286.06 | 306.39 | OK | |
r-release-macos-arm64 | 1.1.4 | 144.00 | NOTE | |||
r-release-macos-x86_64 | 1.1.4 | 213.00 | NOTE | |||
r-release-windows-x86_64 | 1.1.4 | 21.00 | 289.00 | 310.00 | NOTE | |
r-oldrel-macos-arm64 | 1.1.4 | 149.00 | NOTE | |||
r-oldrel-macos-x86_64 | 1.1.4 | 314.00 | NOTE | |||
r-oldrel-windows-x86_64 | 1.1.4 | 30.00 | 366.00 | 396.00 | NOTE |
Version: 1.1.4
Check: installed package size
Result: NOTE
installed size is 5.4Mb
sub-directories of 1Mb or more:
doc 4.3Mb
Flavors: r-devel-linux-x86_64-fedora-clang, r-devel-windows-x86_64, r-release-macos-arm64, r-release-macos-x86_64, r-release-windows-x86_64, r-oldrel-macos-arm64, r-oldrel-macos-x86_64, r-oldrel-windows-x86_64