Last updated on 2025-04-29 01:49:51 CEST.
Flavor | Version | Tinstall | Tcheck | Ttotal | Status | Flags |
---|---|---|---|---|---|---|
r-devel-linux-x86_64-debian-clang | 1.3.1 | 18.07 | 130.23 | 148.30 | OK | |
r-devel-linux-x86_64-debian-gcc | 1.3.1 | 12.07 | 98.65 | 110.72 | NOTE | |
r-devel-linux-x86_64-fedora-clang | 1.3.1 | 242.70 | OK | |||
r-devel-linux-x86_64-fedora-gcc | 1.3.1 | 237.05 | OK | |||
r-devel-windows-x86_64 | 1.3.1 | 19.00 | 136.00 | 155.00 | OK | |
r-patched-linux-x86_64 | 1.3.1 | 19.33 | 126.64 | 145.97 | OK | |
r-release-linux-x86_64 | 1.3.1 | 17.07 | 130.54 | 147.61 | OK | |
r-release-macos-arm64 | 1.3.1 | 74.00 | OK | |||
r-release-macos-x86_64 | 1.3.1 | 205.00 | OK | |||
r-release-windows-x86_64 | 1.3.1 | 21.00 | 138.00 | 159.00 | OK | |
r-oldrel-macos-arm64 | 1.3.1 | 77.00 | OK | |||
r-oldrel-macos-x86_64 | 1.3.1 | 211.00 | OK | |||
r-oldrel-windows-x86_64 | 1.3.1 | 26.00 | 176.00 | 202.00 | OK |
Version: 1.3.1
Check: examples
Result: NOTE
Examples with CPU (user + system) or elapsed time > 5s
user system elapsed
RFT_vertex_analysis 0.682 0.154 49.222
Flavor: r-devel-linux-x86_64-debian-gcc