Last updated on 2025-04-29 01:49:51 CEST.
Flavor | Version | Tinstall | Tcheck | Ttotal | Status | Flags |
---|---|---|---|---|---|---|
r-devel-linux-x86_64-debian-clang | 0.2.1 | 7.25 | 67.83 | 75.08 | NOTE | |
r-devel-linux-x86_64-debian-gcc | 0.2.1 | 5.49 | 52.53 | 58.02 | NOTE | |
r-devel-linux-x86_64-fedora-clang | 0.2.1 | 119.94 | NOTE | |||
r-devel-linux-x86_64-fedora-gcc | 0.2.1 | 126.28 | NOTE | |||
r-devel-windows-x86_64 | 0.2.1 | 8.00 | 80.00 | 88.00 | NOTE | |
r-patched-linux-x86_64 | 0.2.1 | 6.69 | 68.96 | 75.65 | NOTE | |
r-release-linux-x86_64 | 0.2.1 | 6.81 | 68.04 | 74.85 | NOTE | |
r-release-macos-arm64 | 0.2.1 | 42.00 | NOTE | |||
r-release-macos-x86_64 | 0.2.1 | 76.00 | NOTE | |||
r-release-windows-x86_64 | 0.2.1 | 8.00 | 83.00 | 91.00 | NOTE | |
r-oldrel-macos-arm64 | 0.2.1 | 38.00 | NOTE | |||
r-oldrel-macos-x86_64 | 0.2.1 | 55.00 | NOTE | |||
r-oldrel-windows-x86_64 | 0.2.1 | 11.00 | 98.00 | 109.00 | NOTE |
Version: 0.2.1
Check: Rd files
Result: NOTE
checkRd: (-1) simulateDCSIS.Rd:40: Lost braces
40 | Y = 6*X1 + 1.5*X2 + 9*1{X12 < 0} + exp(2*X22)*e
| ^
checkRd: (-1) simulateDCSIS.Rd:42: Lost braces
42 | Y = 6*X1 + 1.5*X2 + 9*1{X12 < 0} + 6*X22 + e
| ^
Flavors: r-devel-linux-x86_64-debian-clang, r-devel-linux-x86_64-debian-gcc, r-devel-linux-x86_64-fedora-clang, r-devel-linux-x86_64-fedora-gcc, r-devel-windows-x86_64, r-patched-linux-x86_64, r-release-linux-x86_64, r-release-macos-arm64, r-release-macos-x86_64, r-release-windows-x86_64, r-oldrel-macos-arm64, r-oldrel-macos-x86_64, r-oldrel-windows-x86_64