Last updated on 2025-05-19 01:50:11 CEST.
Flavor | Version | Tinstall | Tcheck | Ttotal | Status | Flags |
---|---|---|---|---|---|---|
r-devel-linux-x86_64-debian-clang | 0.1.1 | 220.63 | 124.76 | 345.39 | NOTE | |
r-devel-linux-x86_64-debian-gcc | 0.1.1 | 188.62 | 81.51 | 270.13 | NOTE | |
r-devel-linux-x86_64-fedora-clang | 0.1.1 | 645.94 | NOTE | |||
r-devel-linux-x86_64-fedora-gcc | 0.1.1 | 780.33 | NOTE | |||
r-devel-windows-x86_64 | 0.1.1 | 262.00 | 165.00 | 427.00 | NOTE | |
r-patched-linux-x86_64 | 0.1.1 | 254.50 | 123.21 | 377.71 | NOTE | |
r-release-linux-x86_64 | 0.1.1 | 256.61 | 132.23 | 388.84 | NOTE | |
r-release-macos-arm64 | 0.1.1 | 207.00 | NOTE | |||
r-release-macos-x86_64 | 0.1.1 | 174.00 | NOTE | |||
r-release-windows-x86_64 | 0.1.1 | 262.00 | 304.00 | 566.00 | NOTE | |
r-oldrel-macos-arm64 | 0.1.1 | 142.00 | NOTE | |||
r-oldrel-macos-x86_64 | 0.1.1 | 160.00 | NOTE | |||
r-oldrel-windows-x86_64 | 0.1.1 | 311.00 | 188.00 | 499.00 | OK |
Version: 0.1.1
Check: DESCRIPTION meta-information
Result: NOTE
Missing dependency on R >= 4.1.0 because package code uses the pipe
|> or function shorthand \(...) syntax added in R 4.1.0.
File(s) using such syntax:
‘plot_surv.Rd’
Flavors: r-devel-linux-x86_64-debian-clang, r-devel-linux-x86_64-debian-gcc, r-devel-linux-x86_64-fedora-clang, r-devel-linux-x86_64-fedora-gcc, r-devel-windows-x86_64, r-patched-linux-x86_64, r-release-linux-x86_64, r-release-macos-arm64, r-release-macos-x86_64, r-release-windows-x86_64
Version: 0.1.1
Check: installed package size
Result: NOTE
installed size is 24.7Mb
sub-directories of 1Mb or more:
doc 2.2Mb
libs 22.4Mb
Flavors: r-oldrel-macos-arm64, r-oldrel-macos-x86_64