Last updated on 2025-07-20 01:49:43 CEST.
Flavor | Version | Tinstall | Tcheck | Ttotal | Status | Flags |
---|---|---|---|---|---|---|
r-devel-linux-x86_64-debian-clang | 2.5 | 10.13 | 83.57 | 93.70 | NOTE | |
r-devel-linux-x86_64-debian-gcc | 2.5 | 6.47 | 61.82 | 68.29 | NOTE | |
r-devel-linux-x86_64-fedora-clang | 2.5 | 147.31 | OK | |||
r-devel-linux-x86_64-fedora-gcc | 2.5 | 162.65 | OK | |||
r-devel-windows-x86_64 | 2.5 | 11.00 | 93.00 | 104.00 | OK | |
r-patched-linux-x86_64 | 2.5 | 10.60 | 81.76 | 92.36 | OK | |
r-release-linux-x86_64 | 2.5 | 7.79 | 81.06 | 88.85 | OK | |
r-release-macos-arm64 | 2.5 | 64.00 | OK | |||
r-release-macos-x86_64 | 2.5 | 106.00 | OK | |||
r-release-windows-x86_64 | 2.5 | 12.00 | 94.00 | 106.00 | OK | |
r-oldrel-macos-arm64 | 2.5 | 47.00 | OK | |||
r-oldrel-macos-x86_64 | 2.5 | 74.00 | OK | |||
r-oldrel-windows-x86_64 | 2.5 | 14.00 | 116.00 | 130.00 | OK |
Version: 2.5
Check: CRAN incoming feasibility
Result: NOTE
Maintainer: ‘Oskar Hagen <oskar.hagen@outlook.com>’
No Authors@R field in DESCRIPTION.
Please add one, modifying
Authors@R: c(person(given = "Oskar",
family = "Hagen",
role = c("aut", "cre"),
email = "oskar.hagen@outlook.com"),
person(given = "Tanja",
family = "Stadler",
role = "aut"))
as necessary.
Flavors: r-devel-linux-x86_64-debian-clang, r-devel-linux-x86_64-debian-gcc