Last updated on 2025-04-29 01:49:51 CEST.
Flavor | Version | Tinstall | Tcheck | Ttotal | Status | Flags |
---|---|---|---|---|---|---|
r-devel-linux-x86_64-debian-clang | 1.0.3 | 3.01 | 62.28 | 65.29 | OK | |
r-devel-linux-x86_64-debian-gcc | 1.0.3 | 2.21 | 47.13 | 49.34 | NOTE | |
r-devel-linux-x86_64-fedora-clang | 1.0.3 | 91.65 | OK | |||
r-devel-linux-x86_64-fedora-gcc | 1.0.3 | 104.73 | OK | |||
r-devel-windows-x86_64 | 1.0.3 | 6.00 | 73.00 | 79.00 | OK | |
r-patched-linux-x86_64 | 1.0.3 | 2.61 | 52.20 | 54.81 | OK | |
r-release-linux-x86_64 | 1.0.3 | 3.13 | 51.44 | 54.57 | OK | |
r-release-macos-arm64 | 1.0.3 | 65.00 | OK | |||
r-release-macos-x86_64 | 1.0.3 | 76.00 | OK | |||
r-release-windows-x86_64 | 1.0.3 | 5.00 | 89.00 | 94.00 | OK | |
r-oldrel-macos-arm64 | 1.0.3 | 46.00 | OK | |||
r-oldrel-macos-x86_64 | 1.0.3 | 110.00 | OK | |||
r-oldrel-windows-x86_64 | 1.0.3 | 7.00 | 79.00 | 86.00 | OK |
Version: 1.0.3
Check: examples
Result: NOTE
Examples with CPU (user + system) or elapsed time > 5s
user system elapsed
TreeMineR 5.693 0.236 6.005
Flavor: r-devel-linux-x86_64-debian-gcc