Last updated on 2025-04-29 01:49:50 CEST.
Flavor | Version | Tinstall | Tcheck | Ttotal | Status | Flags |
---|---|---|---|---|---|---|
r-devel-linux-x86_64-debian-clang | 0.1.0 | 8.43 | 64.61 | 73.04 | OK | |
r-devel-linux-x86_64-debian-gcc | 0.1.0 | 5.72 | 48.52 | 54.24 | NOTE | |
r-devel-linux-x86_64-fedora-clang | 0.1.0 | 113.68 | NOTE | |||
r-devel-linux-x86_64-fedora-gcc | 0.1.0 | 112.47 | NOTE | |||
r-devel-windows-x86_64 | 0.1.0 | 8.00 | 74.00 | 82.00 | OK | |
r-patched-linux-x86_64 | 0.1.0 | 7.80 | 62.43 | 70.23 | OK | |
r-release-linux-x86_64 | 0.1.0 | 7.59 | 62.82 | 70.41 | OK | |
r-release-macos-arm64 | 0.1.0 | 36.00 | OK | |||
r-release-macos-x86_64 | 0.1.0 | 61.00 | OK | |||
r-release-windows-x86_64 | 0.1.0 | 10.00 | 86.00 | 96.00 | OK | |
r-oldrel-macos-arm64 | 0.1.0 | 38.00 | OK | |||
r-oldrel-macos-x86_64 | 0.1.0 | 53.00 | OK | |||
r-oldrel-windows-x86_64 | 0.1.0 | 12.00 | 99.00 | 111.00 | OK |
Version: 0.1.0
Check: CRAN incoming feasibility
Result: NOTE
Maintainer: ‘Chanwoo Lee <chanwoo.lee@wisc.edu>’
No Authors@R field in DESCRIPTION.
Please add one, modifying
Authors@R: c(person(given = "Chanwoo",
family = "Lee",
role = c("aut", "cre"),
email = "chanwoo.lee@wisc.edu"),
person(given = "Lexin",
family = "Li",
role = "aut",
email = "lexinli@berkeley.edu"),
person(given = c("Hao", "Helen"),
family = "Zhang",
role = "aut",
email = "hzhang@math.arizona.edu"),
person(given = "Miaoyan",
family = "Wang",
role = "aut",
email = "miaoyan.wang@wisc.edu"))
as necessary.
The Description field contains
Series Representation. <arXiv:2105.01783>. The method employs the
Please refer to arXiv e-prints via their arXiv DOI <doi:10.48550/arXiv.YYMM.NNNNN>.
Flavor: r-devel-linux-x86_64-debian-gcc
Version: 0.1.0
Check: dependencies in R code
Result: NOTE
Namespace in Imports field not imported from: ‘Matrix’
All declared Imports should be used.
Flavors: r-devel-linux-x86_64-fedora-clang, r-devel-linux-x86_64-fedora-gcc