Last updated on 2025-05-19 01:50:11 CEST.
Flavor | Version | Tinstall | Tcheck | Ttotal | Status | Flags |
---|---|---|---|---|---|---|
r-devel-linux-x86_64-debian-clang | 1.0 | 9.18 | 89.21 | 98.39 | OK | |
r-devel-linux-x86_64-debian-gcc | 1.0 | 7.24 | 66.33 | 73.57 | OK | |
r-devel-linux-x86_64-fedora-clang | 1.0 | 159.14 | OK | |||
r-devel-linux-x86_64-fedora-gcc | 1.0 | 166.42 | OK | |||
r-devel-windows-x86_64 | 1.0 | 13.00 | 100.00 | 113.00 | OK | |
r-patched-linux-x86_64 | 1.0 | 9.62 | 84.27 | 93.89 | OK | |
r-release-linux-x86_64 | 1.0 | 9.12 | 84.62 | 93.74 | OK | |
r-release-macos-arm64 | 1.0 | 48.00 | OK | |||
r-release-macos-x86_64 | 1.0 | 91.00 | OK | |||
r-release-windows-x86_64 | 1.0 | 11.00 | 99.00 | 110.00 | OK | |
r-oldrel-macos-arm64 | 1.0 | 50.00 | NOTE | |||
r-oldrel-macos-x86_64 | 1.0 | 71.00 | NOTE | |||
r-oldrel-windows-x86_64 | 1.0 | 15.00 | 124.00 | 139.00 | NOTE |
Version: 1.0
Check: package dependencies
Result: NOTE
Package suggested but not available for checking: ‘gurobi’
Flavors: r-oldrel-macos-arm64, r-oldrel-macos-x86_64, r-oldrel-windows-x86_64