CRAN Package Check Results for Package TidyDensity

Last updated on 2025-04-29 01:49:50 CEST.

Flavor Version Tinstall Tcheck Ttotal Status Flags
r-devel-linux-x86_64-debian-clang 1.5.0 14.36 161.60 175.96 NOTE
r-devel-linux-x86_64-debian-gcc 1.5.0 8.15 109.76 117.91 NOTE
r-devel-linux-x86_64-fedora-clang 1.5.0 314.85 OK
r-devel-linux-x86_64-fedora-gcc 1.5.0 310.54 OK
r-devel-windows-x86_64 1.5.0 16.00 228.00 244.00 NOTE
r-patched-linux-x86_64 1.5.0 20.63 157.25 177.88 NOTE
r-release-linux-x86_64 1.5.0 12.64 155.75 168.39 NOTE
r-release-macos-arm64 1.5.0 75.00 OK
r-release-macos-x86_64 1.5.0 180.00 OK
r-release-windows-x86_64 1.5.0 19.00 229.00 248.00 NOTE
r-oldrel-macos-arm64 1.5.0 79.00 OK
r-oldrel-macos-x86_64 1.5.0 186.00 OK
r-oldrel-windows-x86_64 1.5.0 22.00 279.00 301.00 OK

Check Details

Version: 1.5.0
Check: Rd cross-references
Result: NOTE Found the following Rd file(s) with Rd \link{} targets missing package anchors: tidy_inverse_normal.Rd: rinvgauss Please provide package anchors for all Rd \link{} targets not in the package itself and the base packages. Flavors: r-devel-linux-x86_64-debian-clang, r-devel-linux-x86_64-debian-gcc, r-devel-windows-x86_64, r-patched-linux-x86_64, r-release-linux-x86_64, r-release-windows-x86_64

Version: 1.5.0
Check: examples
Result: NOTE Examples with CPU (user + system) or elapsed time > 5s user system elapsed bootstrap_density_augment 3.439 0.122 5.152 Flavor: r-devel-linux-x86_64-debian-gcc