Last updated on 2025-04-29 13:51:44 CEST.
Flavor | Version | Tinstall | Tcheck | Ttotal | Status | Flags |
---|---|---|---|---|---|---|
r-devel-linux-x86_64-debian-clang | 0.1.0 | 2.34 | 55.06 | 57.40 | NOTE | |
r-devel-linux-x86_64-debian-gcc | 0.1.0 | 1.88 | 33.09 | 34.97 | NOTE | |
r-devel-linux-x86_64-fedora-clang | 0.1.0 | 97.82 | OK | |||
r-devel-linux-x86_64-fedora-gcc | 0.1.0 | 89.36 | OK | |||
r-devel-windows-x86_64 | 0.1.0 | 3.00 | 68.00 | 71.00 | OK | |
r-patched-linux-x86_64 | 0.1.0 | 2.84 | 54.42 | 57.26 | OK | |
r-release-linux-x86_64 | 0.1.0 | 2.26 | 54.61 | 56.87 | OK | |
r-release-macos-arm64 | 0.1.0 | 26.00 | OK | |||
r-release-macos-x86_64 | 0.1.0 | 49.00 | OK | |||
r-release-windows-x86_64 | 0.1.0 | 4.00 | 204.00 | 208.00 | OK | |
r-oldrel-macos-arm64 | 0.1.0 | 26.00 | OK | |||
r-oldrel-macos-x86_64 | 0.1.0 | 54.00 | OK | |||
r-oldrel-windows-x86_64 | 0.1.0 | 3.00 | 84.00 | 87.00 | OK |
Version: 0.1.0
Check: examples
Result: NOTE
Examples with CPU (user + system) or elapsed time > 5s
user system elapsed
banzhaf 14.723 0.103 17.513
owen 12.102 0.004 14.144
Flavor: r-devel-linux-x86_64-debian-clang
Version: 0.1.0
Check: examples
Result: NOTE
Examples with CPU (user + system) or elapsed time > 5s
user system elapsed
banzhaf 6.918 0.012 7.512
owen 5.757 0.008 6.390
Flavor: r-devel-linux-x86_64-debian-gcc