Last updated on 2025-04-29 01:49:51 CEST.
Flavor | Version | Tinstall | Tcheck | Ttotal | Status | Flags |
---|---|---|---|---|---|---|
r-devel-linux-x86_64-debian-clang | 0.1.3 | 14.63 | 136.09 | 150.72 | OK | |
r-devel-linux-x86_64-debian-gcc | 0.1.3 | 10.93 | 103.36 | 114.29 | NOTE | |
r-devel-linux-x86_64-fedora-clang | 0.1.3 | 233.88 | OK | |||
r-devel-linux-x86_64-fedora-gcc | 0.1.3 | 230.68 | OK | |||
r-devel-windows-x86_64 | 0.1.3 | 18.00 | 624.00 | 642.00 | OK | |
r-patched-linux-x86_64 | 0.1.3 | 14.94 | 134.04 | 148.98 | OK | |
r-release-linux-x86_64 | 0.1.3 | 14.41 | 133.84 | 148.25 | OK | |
r-release-macos-arm64 | 0.1.3 | 315.00 | OK | |||
r-release-macos-x86_64 | 0.1.3 | 654.00 | OK | |||
r-release-windows-x86_64 | 0.1.3 | 16.00 | 779.00 | 795.00 | OK | |
r-oldrel-macos-arm64 | 0.1.3 | 282.00 | OK | |||
r-oldrel-macos-x86_64 | 0.1.3 | 513.00 | OK | |||
r-oldrel-windows-x86_64 | 0.1.3 | 22.00 | 940.00 | 962.00 | OK |
Version: 0.1.3
Check: examples
Result: NOTE
Examples with CPU (user + system) or elapsed time > 5s
user system elapsed
extractSubset 1.503 0.137 8.557
Flavor: r-devel-linux-x86_64-debian-gcc