Last updated on 2025-07-21 01:49:18 CEST.
Flavor | Version | Tinstall | Tcheck | Ttotal | Status | Flags |
---|---|---|---|---|---|---|
r-devel-linux-x86_64-debian-clang | 2.0 | 57.21 | 53.48 | 110.69 | OK | |
r-devel-linux-x86_64-debian-gcc | 2.0 | 43.79 | 43.96 | 87.75 | OK | |
r-devel-linux-x86_64-fedora-clang | 2.0 | 183.30 | OK | |||
r-devel-linux-x86_64-fedora-gcc | 2.0 | 181.86 | OK | |||
r-devel-windows-x86_64 | 2.0 | 63.00 | 158.00 | 221.00 | OK | |
r-patched-linux-x86_64 | 2.0 | 60.04 | 57.03 | 117.07 | OK | |
r-release-linux-x86_64 | 2.0 | 57.64 | 56.04 | 113.68 | OK | |
r-release-macos-arm64 | 2.0 | 46.00 | OK | |||
r-release-macos-x86_64 | 2.0 | 66.00 | OK | |||
r-release-windows-x86_64 | 2.0 | 62.00 | 88.00 | 150.00 | OK | |
r-oldrel-macos-arm64 | 2.0 | 46.00 | NOTE | |||
r-oldrel-macos-x86_64 | 2.0 | 56.00 | NOTE | |||
r-oldrel-windows-x86_64 | 2.0 | 72.00 | 325.00 | 397.00 | OK |
Version: 2.0
Check: installed package size
Result: NOTE
installed size is 16.8Mb
sub-directories of 1Mb or more:
data 1.2Mb
libs 15.4Mb
Flavors: r-oldrel-macos-arm64, r-oldrel-macos-x86_64