CRAN Package Check Results for Package TSCS

Last updated on 2025-07-19 13:50:29 CEST.

Flavor Version Tinstall Tcheck Ttotal Status Flags
r-devel-linux-x86_64-debian-clang 0.1.1 8.61 65.47 74.08 OK
r-devel-linux-x86_64-debian-gcc 0.1.1 6.14 47.80 53.94 OK
r-devel-linux-x86_64-fedora-clang 0.1.1 115.12 OK
r-devel-linux-x86_64-fedora-gcc 0.1.1 118.09 OK
r-devel-windows-x86_64 0.1.1 10.00 244.00 254.00 OK
r-patched-linux-x86_64 0.1.1 8.49 60.94 69.43 OK
r-release-linux-x86_64 0.1.1 7.91 60.93 68.84 OK
r-release-macos-arm64 0.1.1 35.00 OK
r-release-macos-x86_64 0.1.1 73.00 OK
r-release-windows-x86_64 0.1.1 10.00 241.00 251.00 OK
r-oldrel-macos-arm64 0.1.1 36.00 NOTE
r-oldrel-macos-x86_64 0.1.1 59.00 NOTE
r-oldrel-windows-x86_64 0.1.1 14.00 323.00 337.00 NOTE

Check Details

Version: 0.1.1
Check: LazyData
Result: NOTE 'LazyData' is specified without a 'data' directory Flavors: r-oldrel-macos-arm64, r-oldrel-macos-x86_64, r-oldrel-windows-x86_64