Last updated on 2025-04-29 01:49:51 CEST.
Flavor | Version | Tinstall | Tcheck | Ttotal | Status | Flags |
---|---|---|---|---|---|---|
r-devel-linux-x86_64-debian-clang | 1.0.0 | 9.73 | 579.99 | 589.72 | OK | |
r-devel-linux-x86_64-debian-gcc | 1.0.0 | 6.69 | 378.59 | 385.28 | NOTE | |
r-devel-linux-x86_64-fedora-clang | 1.0.0 | 1036.99 | OK | |||
r-devel-linux-x86_64-fedora-gcc | 1.0.0 | 910.94 | OK | |||
r-devel-windows-x86_64 | 1.0.0 | 10.00 | 580.00 | 590.00 | OK | |
r-patched-linux-x86_64 | 1.0.0 | 9.24 | 556.21 | 565.45 | OK | |
r-release-linux-x86_64 | 1.0.0 | 9.11 | 555.07 | 564.18 | OK | |
r-release-macos-arm64 | 1.0.0 | 339.00 | OK | |||
r-release-macos-x86_64 | 1.0.0 | 626.00 | OK | |||
r-release-windows-x86_64 | 1.0.0 | 10.00 | 701.00 | 711.00 | OK | |
r-oldrel-macos-arm64 | 1.0.0 | 254.00 | OK | |||
r-oldrel-macos-x86_64 | 1.0.0 | 424.00 | OK | |||
r-oldrel-windows-x86_64 | 1.0.0 | 13.00 | 831.00 | 844.00 | OK |
Version: 1.0.0
Check: CRAN incoming feasibility
Result: NOTE
Maintainer: ‘Jasin Machkour <jasin.machkour@tu-darmstadt.de>’
The Description field contains
(2022) <arXiv:2110.06048>.
Please refer to arXiv e-prints via their arXiv DOI <doi:10.48550/arXiv.YYMM.NNNNN>.
Flavor: r-devel-linux-x86_64-debian-gcc