Last updated on 2025-05-19 12:50:20 CEST.
Flavor | Version | Tinstall | Tcheck | Ttotal | Status | Flags |
---|---|---|---|---|---|---|
r-devel-linux-x86_64-debian-clang | 1.1 | 3.91 | 26.39 | 30.30 | NOTE | |
r-devel-linux-x86_64-debian-gcc | 1.1 | 2.70 | 20.73 | 23.43 | NOTE | |
r-devel-linux-x86_64-fedora-clang | 1.1 | 47.49 | OK | |||
r-devel-linux-x86_64-fedora-gcc | 1.1 | 45.64 | OK | |||
r-devel-windows-x86_64 | 1.1 | 6.00 | 143.00 | 149.00 | OK | |
r-patched-linux-x86_64 | 1.1 | 4.04 | 26.16 | 30.20 | OK | |
r-release-linux-x86_64 | 1.1 | 3.79 | 25.83 | 29.62 | OK | |
r-release-macos-arm64 | 1.1 | 20.00 | OK | |||
r-release-macos-x86_64 | 1.1 | 32.00 | OK | |||
r-release-windows-x86_64 | 1.1 | 7.00 | 89.00 | 96.00 | OK | |
r-oldrel-macos-arm64 | 1.1 | 18.00 | OK | |||
r-oldrel-macos-x86_64 | 1.1 | 27.00 | OK | |||
r-oldrel-windows-x86_64 | 1.1 | 4.00 | 155.00 | 159.00 | OK |
Version: 1.1
Check: CRAN incoming feasibility
Result: NOTE
Maintainer: ‘Lam Opal Huang <opal.huang@mail.mcgill.ca>’
No Authors@R field in DESCRIPTION.
Please add one, modifying
Authors@R: person(given = c("Lam", "Opal"),
family = "Huang",
role = c("aut", "cre"),
email = "opal.huang@mail.mcgill.ca")
as necessary.
Flavors: r-devel-linux-x86_64-debian-clang, r-devel-linux-x86_64-debian-gcc