Last updated on 2025-04-29 01:49:50 CEST.
Flavor | Version | Tinstall | Tcheck | Ttotal | Status | Flags |
---|---|---|---|---|---|---|
r-devel-linux-x86_64-debian-clang | 0.8.3 | 2.06 | 37.38 | 39.44 | OK | |
r-devel-linux-x86_64-debian-gcc | 0.8.3 | 1.73 | 30.99 | 32.72 | NOTE | |
r-devel-linux-x86_64-fedora-clang | 0.8.3 | 63.72 | NOTE | |||
r-devel-linux-x86_64-fedora-gcc | 0.8.3 | 59.54 | NOTE | |||
r-devel-windows-x86_64 | 0.8.3 | 3.00 | 183.00 | 186.00 | OK | |
r-patched-linux-x86_64 | 0.8.3 | 2.02 | 37.27 | 39.29 | OK | |
r-release-linux-x86_64 | 0.8.3 | 1.88 | 37.71 | 39.59 | OK | |
r-release-macos-arm64 | 0.8.3 | 32.00 | OK | |||
r-release-macos-x86_64 | 0.8.3 | 46.00 | OK | |||
r-release-windows-x86_64 | 0.8.3 | 3.00 | 67.00 | 70.00 | OK | |
r-oldrel-macos-arm64 | 0.8.3 | 30.00 | OK | |||
r-oldrel-macos-x86_64 | 0.8.3 | 45.00 | OK | |||
r-oldrel-windows-x86_64 | 0.8.3 | 4.00 | 97.00 | 101.00 | OK |
Version: 0.8.3
Check: CRAN incoming feasibility
Result: NOTE
Maintainer: ‘Cynthia Shao <cynyu.shao@gmail.com>’
No Authors@R field in DESCRIPTION.
Please add one, modifying
Authors@R: c(person(given = "Cynthia",
family = "Shao",
role = c("aut", "cre"),
email = "cynyu.shao@gmail.com"),
person(given = "Runze",
family = "Li",
role = "aut"))
as necessary.
Flavor: r-devel-linux-x86_64-debian-gcc
Version: 0.8.3
Check: examples
Result: NOTE
Examples with CPU (user + system) or elapsed time > 5s
user system elapsed
TPC_pl_BIC 4.829 0.203 6.339
Flavor: r-devel-linux-x86_64-debian-gcc
Version: 0.8.3
Check: dependencies in R code
Result: NOTE
Namespace in Imports field not imported from: ‘MASS’
All declared Imports should be used.
Flavors: r-devel-linux-x86_64-fedora-clang, r-devel-linux-x86_64-fedora-gcc