CRAN Package Check Results for Package TML

Last updated on 2025-04-29 01:49:50 CEST.

Flavor Version Tinstall Tcheck Ttotal Status Flags
r-devel-linux-x86_64-debian-clang 2.3.0 12.01 141.90 153.91 OK
r-devel-linux-x86_64-debian-gcc 2.3.0 10.05 107.75 117.80 NOTE
r-devel-linux-x86_64-fedora-clang 2.3.0 277.49 OK
r-devel-linux-x86_64-fedora-gcc 2.3.0 276.80 OK
r-devel-windows-x86_64 2.3.0 14.00 298.00 312.00 OK
r-patched-linux-x86_64 2.3.0 12.77 149.04 161.81 OK
r-release-linux-x86_64 2.3.0 12.20 134.61 146.81 OK
r-release-macos-arm64 2.3.0 63.00 OK
r-release-macos-x86_64 2.3.0 173.00 OK
r-release-windows-x86_64 2.3.0 15.00 315.00 330.00 OK
r-oldrel-macos-arm64 2.3.0 65.00 OK
r-oldrel-macos-x86_64 2.3.0 222.00 OK
r-oldrel-windows-x86_64 2.3.0 20.00 347.00 367.00 OK

Check Details

Version: 2.3.0
Check: examples
Result: NOTE Examples with CPU (user + system) or elapsed time > 5s user system elapsed tropical.centroid.MH 4.015 0.078 5.033 trop.Volume 3.512 0.219 5.162 Flavor: r-devel-linux-x86_64-debian-gcc