Last updated on 2024-08-16 12:49:22 CEST.
Flavor | Version | Tinstall | Tcheck | Ttotal | Status | Flags |
---|---|---|---|---|---|---|
r-devel-linux-x86_64-debian-clang | 0.1.3 | 7.89 | 66.79 | 74.68 | OK | |
r-devel-linux-x86_64-debian-gcc | 0.1.3 | 4.72 | 47.20 | 51.92 | OK | |
r-devel-linux-x86_64-fedora-clang | 0.1.3 | 116.99 | NOTE | |||
r-devel-linux-x86_64-fedora-gcc | 0.1.3 | 121.74 | NOTE | |||
r-devel-windows-x86_64 | 0.1.3 | 10.00 | 83.00 | 93.00 | OK | |
r-patched-linux-x86_64 | 0.1.3 | 7.64 | 62.77 | 70.41 | OK | |
r-release-linux-x86_64 | 0.1.3 | 8.33 | 62.92 | 71.25 | OK | |
r-release-macos-arm64 | 0.1.3 | 34.00 | OK | |||
r-release-macos-x86_64 | 0.1.3 | 63.00 | OK | |||
r-release-windows-x86_64 | 0.1.3 | 11.00 | 81.00 | 92.00 | OK | |
r-oldrel-macos-arm64 | 0.1.3 | 34.00 | OK | |||
r-oldrel-macos-x86_64 | 0.1.3 | 53.00 | OK | |||
r-oldrel-windows-x86_64 | 0.1.3 | 13.00 | 98.00 | 111.00 | OK |
Version: 0.1.3
Check: data for non-ASCII characters
Result: NOTE
Note: found 38 marked UTF-8 strings
Flavors: r-devel-linux-x86_64-fedora-clang, r-devel-linux-x86_64-fedora-gcc