Last updated on 2025-02-22 00:50:02 CET.
Flavor | Version | Tinstall | Tcheck | Ttotal | Status | Flags |
---|---|---|---|---|---|---|
r-devel-linux-x86_64-debian-clang | 0.1.0 | 7.23 | 75.05 | 82.28 | OK | |
r-devel-linux-x86_64-debian-gcc | 0.1.0 | 5.59 | 53.09 | 58.68 | OK | |
r-devel-linux-x86_64-fedora-clang | 0.1.0 | 138.77 | NOTE | |||
r-devel-linux-x86_64-fedora-gcc | 0.1.0 | 129.22 | NOTE | |||
r-devel-macos-arm64 | 0.1.0 | 40.00 | OK | |||
r-devel-macos-x86_64 | 0.1.0 | 78.00 | OK | |||
r-devel-windows-x86_64 | 0.1.0 | 7.00 | 88.00 | 95.00 | OK | |
r-patched-linux-x86_64 | 0.1.0 | 7.16 | 70.05 | 77.21 | NOTE | |
r-release-linux-x86_64 | 0.1.0 | 7.33 | 70.31 | 77.64 | NOTE | |
r-release-macos-arm64 | 0.1.0 | 37.00 | NOTE | |||
r-release-macos-x86_64 | 0.1.0 | 54.00 | NOTE | |||
r-release-windows-x86_64 | 0.1.0 | 8.00 | 88.00 | 96.00 | NOTE | |
r-oldrel-macos-arm64 | 0.1.0 | 43.00 | NOTE | |||
r-oldrel-macos-x86_64 | 0.1.0 | 66.00 | NOTE | |||
r-oldrel-windows-x86_64 | 0.1.0 | 8.00 | 104.00 | 112.00 | NOTE |
Version: 0.1.0
Check: dependencies in R code
Result: NOTE
Namespace in Imports field not imported from: ‘base’
All declared Imports should be used.
Flavors: r-devel-linux-x86_64-fedora-clang, r-devel-linux-x86_64-fedora-gcc
Version: 0.1.0
Check: LazyData
Result: NOTE
'LazyData' is specified without a 'data' directory
Flavors: r-patched-linux-x86_64, r-release-linux-x86_64, r-release-macos-arm64, r-release-macos-x86_64, r-release-windows-x86_64, r-oldrel-macos-arm64, r-oldrel-macos-x86_64, r-oldrel-windows-x86_64