Last updated on 2025-04-29 01:49:49 CEST.
Flavor | Version | Tinstall | Tcheck | Ttotal | Status | Flags |
---|---|---|---|---|---|---|
r-devel-linux-x86_64-debian-clang | 0.1.1 | 11.16 | 98.03 | 109.19 | OK | |
r-devel-linux-x86_64-debian-gcc | 0.1.1 | 8.80 | 69.28 | 78.08 | OK | |
r-devel-linux-x86_64-fedora-clang | 0.1.1 | 166.66 | NOTE | |||
r-devel-linux-x86_64-fedora-gcc | 0.1.1 | 156.98 | NOTE | |||
r-devel-windows-x86_64 | 0.1.1 | 15.00 | 103.00 | 118.00 | OK | |
r-patched-linux-x86_64 | 0.1.1 | 10.81 | 94.18 | 104.99 | OK | |
r-release-linux-x86_64 | 0.1.1 | 10.65 | 94.26 | 104.91 | OK | |
r-release-macos-arm64 | 0.1.1 | 50.00 | OK | |||
r-release-macos-x86_64 | 0.1.1 | 86.00 | OK | |||
r-release-windows-x86_64 | 0.1.1 | 13.00 | 114.00 | 127.00 | OK | |
r-oldrel-macos-arm64 | 0.1.1 | 50.00 | OK | |||
r-oldrel-macos-x86_64 | 0.1.1 | 66.00 | OK | |||
r-oldrel-windows-x86_64 | 0.1.1 | 18.00 | 128.00 | 146.00 | OK |
Version: 0.1.1
Check: dependencies in R code
Result: NOTE
Namespace in Imports field not imported from: ‘readr’
All declared Imports should be used.
Flavors: r-devel-linux-x86_64-fedora-clang, r-devel-linux-x86_64-fedora-gcc