Last updated on 2025-05-19 12:50:19 CEST.
Flavor | Version | Tinstall | Tcheck | Ttotal | Status | Flags |
---|---|---|---|---|---|---|
r-devel-linux-x86_64-debian-clang | 1.0.0 | 9.24 | 61.79 | 71.03 | NOTE | |
r-devel-linux-x86_64-debian-gcc | 1.0.0 | 5.37 | 44.35 | 49.72 | NOTE | |
r-devel-linux-x86_64-fedora-clang | 1.0.0 | 108.29 | OK | |||
r-devel-linux-x86_64-fedora-gcc | 1.0.0 | 102.15 | OK | |||
r-devel-windows-x86_64 | 1.0.0 | 9.00 | 67.00 | 76.00 | OK | |
r-patched-linux-x86_64 | 1.0.0 | 8.52 | 57.50 | 66.02 | OK | |
r-release-linux-x86_64 | 1.0.0 | 8.85 | 57.17 | 66.02 | OK | |
r-release-macos-arm64 | 1.0.0 | 32.00 | OK | |||
r-release-macos-x86_64 | 1.0.0 | 57.00 | OK | |||
r-release-windows-x86_64 | 1.0.0 | 9.00 | 75.00 | 84.00 | OK | |
r-oldrel-macos-arm64 | 1.0.0 | 30.00 | OK | |||
r-oldrel-macos-x86_64 | 1.0.0 | 47.00 | OK | |||
r-oldrel-windows-x86_64 | 1.0.0 | 11.00 | 81.00 | 92.00 | OK |
Version: 1.0.0
Check: CRAN incoming feasibility
Result: NOTE
Maintainer: ‘Roel Braekers <roel.braekers@uhasselt.be>’
No Authors@R field in DESCRIPTION.
Please add one, modifying
Authors@R: c(person(given = "Leen",
family = "Prenen",
role = "aut"),
person(given = "Roel",
family = "Braekers",
role = c("aut", "cre"),
email = "roel.braekers@uhasselt.be"),
person(given = "Luc",
family = "Duchateau",
role = "aut"),
person(given = "Ewoud",
family = "De Troyer",
role = "aut"))
as necessary.
Flavors: r-devel-linux-x86_64-debian-clang, r-devel-linux-x86_64-debian-gcc