Last updated on 2024-08-16 12:49:22 CEST.
Flavor | Version | Tinstall | Tcheck | Ttotal | Status | Flags |
---|---|---|---|---|---|---|
r-devel-linux-x86_64-debian-clang | 0.1.9 | 51.23 | 406.95 | 458.18 | OK | |
r-devel-linux-x86_64-debian-gcc | 0.1.9 | 35.48 | 302.74 | 338.22 | OK | |
r-devel-linux-x86_64-fedora-clang | 0.1.9 | 615.52 | OK | |||
r-devel-linux-x86_64-fedora-gcc | 0.1.9 | 754.81 | OK | |||
r-devel-windows-x86_64 | 0.1.9 | 51.00 | 448.00 | 499.00 | OK | |
r-patched-linux-x86_64 | 0.1.9 | 49.08 | 381.35 | 430.43 | OK | |
r-release-linux-x86_64 | 0.1.9 | 50.31 | 387.25 | 437.56 | OK | |
r-release-macos-arm64 | 0.1.9 | 223.00 | OK | |||
r-release-macos-x86_64 | 0.1.9 | 322.00 | NOTE | |||
r-release-windows-x86_64 | 0.1.9 | 52.00 | 471.00 | 523.00 | OK | |
r-oldrel-macos-arm64 | 0.1.9 | 11.00 | ERROR | |||
r-oldrel-macos-x86_64 | 0.1.9 | 11.00 | ERROR | |||
r-oldrel-windows-x86_64 | 0.1.9 | 69.00 | 606.00 | 675.00 | OK |
Version: 0.1.9
Check: installed package size
Result: NOTE
installed size is 5.7Mb
sub-directories of 1Mb or more:
data 5.0Mb
Flavor: r-release-macos-x86_64
Version: 0.1.9
Check: package dependencies
Result: ERROR
Package required but not available: ‘GSVA’
See section ‘The DESCRIPTION file’ in the ‘Writing R Extensions’
manual.
Flavors: r-oldrel-macos-arm64, r-oldrel-macos-x86_64