Last updated on 2025-07-19 13:50:27 CEST.
Flavor | Version | Tinstall | Tcheck | Ttotal | Status | Flags |
---|---|---|---|---|---|---|
r-devel-linux-x86_64-debian-clang | 2.0.2 | 14.59 | 115.37 | 129.96 | NOTE | |
r-devel-linux-x86_64-debian-gcc | 2.0.2 | 10.74 | 85.14 | 95.88 | NOTE | |
r-devel-linux-x86_64-fedora-clang | 2.0.2 | 204.70 | OK | |||
r-devel-linux-x86_64-fedora-gcc | 2.0.2 | 204.62 | OK | |||
r-devel-windows-x86_64 | 2.0.2 | 15.00 | 107.00 | 122.00 | OK | |
r-patched-linux-x86_64 | 2.0.2 | 13.94 | 110.98 | 124.92 | OK | |
r-release-linux-x86_64 | 2.0.2 | 12.73 | 112.49 | 125.22 | OK | |
r-release-macos-arm64 | 2.0.2 | 91.00 | OK | |||
r-release-macos-x86_64 | 2.0.2 | 136.00 | OK | |||
r-release-windows-x86_64 | 2.0.2 | 14.00 | 109.00 | 123.00 | OK | |
r-oldrel-macos-arm64 | 2.0.2 | 60.00 | OK | |||
r-oldrel-macos-x86_64 | 2.0.2 | 114.00 | OK | |||
r-oldrel-windows-x86_64 | 2.0.2 | 19.00 | 143.00 | 162.00 | OK |
Version: 2.0.2
Check: CRAN incoming feasibility
Result: NOTE
Maintainer: ‘Scott Barlowe <sabarlowe@email.wcu.edu>’
No Authors@R field in DESCRIPTION.
Please add one, modifying
Authors@R: person(given = "Scott",
family = "Barlowe",
role = c("aut", "cre"),
email = "sabarlowe@email.wcu.edu")
as necessary.
Flavors: r-devel-linux-x86_64-debian-clang, r-devel-linux-x86_64-debian-gcc