CRAN Package Check Results for Package Strategy

Last updated on 2025-07-20 12:49:38 CEST.

Flavor Version Tinstall Tcheck Ttotal Status Flags
r-devel-linux-x86_64-debian-clang 1.0.1 8.06 41.79 49.85 NOTE
r-devel-linux-x86_64-debian-gcc 1.0.1 6.62 32.19 38.81 NOTE
r-devel-linux-x86_64-fedora-clang 1.0.1 79.42 NOTE
r-devel-linux-x86_64-fedora-gcc 1.0.1 95.24 NOTE
r-devel-windows-x86_64 1.0.1 9.00 65.00 74.00 OK
r-patched-linux-x86_64 1.0.1 7.83 40.06 47.89 NOTE
r-release-linux-x86_64 1.0.1 8.28 40.41 48.69 NOTE
r-release-macos-arm64 1.0.1 48.00 OK
r-release-macos-x86_64 1.0.1 100.00 OK
r-release-windows-x86_64 1.0.1 8.00 78.00 86.00 OK
r-oldrel-macos-arm64 1.0.1 34.00 OK
r-oldrel-macos-x86_64 1.0.1 54.00 OK
r-oldrel-windows-x86_64 1.0.1 8.00 77.00 85.00 OK

Check Details

Version: 1.0.1
Check: CRAN incoming feasibility
Result: NOTE Maintainer: ‘Julian Busch <jb@quants.ch>’ No Authors@R field in DESCRIPTION. Please add one, modifying Authors@R: person(given = "Julian", family = "Busch", role = c("aut", "cre"), email = "jb@quants.ch") as necessary. Flavors: r-devel-linux-x86_64-debian-clang, r-devel-linux-x86_64-debian-gcc

Version: 1.0.1
Check: for non-standard things in the check directory
Result: NOTE Found the following files/directories: ‘myNewStrat.R’ Flavors: r-devel-linux-x86_64-debian-clang, r-devel-linux-x86_64-debian-gcc, r-devel-linux-x86_64-fedora-clang, r-devel-linux-x86_64-fedora-gcc, r-patched-linux-x86_64, r-release-linux-x86_64