CRAN Package Check Results for Package StratSel

Last updated on 2025-02-22 00:50:02 CET.

Flavor Version Tinstall Tcheck Ttotal Status Flags
r-devel-linux-x86_64-debian-clang 1.3 5.29 49.02 54.31 NOTE
r-devel-linux-x86_64-debian-gcc 1.3 4.36 33.34 37.70 NOTE
r-devel-linux-x86_64-fedora-clang 1.3 89.32 OK
r-devel-linux-x86_64-fedora-gcc 1.3 80.03 OK
r-devel-macos-arm64 1.3 28.00 OK
r-devel-macos-x86_64 1.3 48.00 OK
r-devel-windows-x86_64 1.3 7.00 65.00 72.00 NOTE
r-patched-linux-x86_64 1.3 7.42 43.85 51.27 OK
r-release-linux-x86_64 1.3 4.83 43.94 48.77 OK
r-release-macos-arm64 1.3 27.00 OK
r-release-macos-x86_64 1.3 39.00 OK
r-release-windows-x86_64 1.3 6.00 63.00 69.00 OK
r-oldrel-macos-arm64 1.3 32.00 OK
r-oldrel-macos-x86_64 1.3 43.00 OK
r-oldrel-windows-x86_64 1.3 7.00 77.00 84.00 OK

Check Details

Version: 1.3
Check: Rd cross-references
Result: NOTE Found the following Rd file(s) with Rd \link{} targets missing package anchors: getSummary.StratSel.Rd: mtable Please provide package anchors for all Rd \link{} targets not in the package itself and the base packages. Flavors: r-devel-linux-x86_64-debian-clang, r-devel-linux-x86_64-debian-gcc, r-devel-windows-x86_64