Last updated on 2025-04-29 01:49:49 CEST.
Flavor | Version | Tinstall | Tcheck | Ttotal | Status | Flags |
---|---|---|---|---|---|---|
r-devel-linux-x86_64-debian-clang | 2.1.0 | 5.31 | 51.03 | 56.34 | OK | |
r-devel-linux-x86_64-debian-gcc | 2.1.0 | 3.96 | 36.98 | 40.94 | NOTE | |
r-devel-linux-x86_64-fedora-clang | 2.1.0 | 88.96 | OK | |||
r-devel-linux-x86_64-fedora-gcc | 2.1.0 | 84.23 | OK | |||
r-devel-windows-x86_64 | 2.1.0 | 6.00 | 71.00 | 77.00 | OK | |
r-patched-linux-x86_64 | 2.1.0 | 5.31 | 50.17 | 55.48 | OK | |
r-release-linux-x86_64 | 2.1.0 | 5.17 | 49.39 | 54.56 | OK | |
r-release-macos-arm64 | 2.1.0 | 31.00 | OK | |||
r-release-macos-x86_64 | 2.1.0 | 55.00 | OK | |||
r-release-windows-x86_64 | 2.1.0 | 6.00 | 71.00 | 77.00 | OK | |
r-oldrel-macos-arm64 | 2.1.0 | 26.00 | OK | |||
r-oldrel-macos-x86_64 | 2.1.0 | 42.00 | OK | |||
r-oldrel-windows-x86_64 | 2.1.0 | 7.00 | 84.00 | 91.00 | OK |
Version: 2.1.0
Check: CRAN incoming feasibility
Result: NOTE
Maintainer: ‘Sergio Garofalo <sergio.garofalo96@gmail.com>’
No Authors@R field in DESCRIPTION.
Please add one, modifying
Authors@R: person(given = "Sergio",
family = "Garofalo",
role = c("aut", "cre"),
email = "sergio.garofalo96@gmail.com")
as necessary.
Flavor: r-devel-linux-x86_64-debian-gcc