Last updated on 2024-08-16 12:49:21 CEST.
Flavor | Version | Tinstall | Tcheck | Ttotal | Status | Flags |
---|---|---|---|---|---|---|
r-devel-linux-x86_64-debian-clang | 0.5-3 | 35.30 | 40.71 | 76.01 | NOTE | |
r-devel-linux-x86_64-debian-gcc | 0.5-3 | 23.98 | 29.80 | 53.78 | NOTE | |
r-devel-linux-x86_64-fedora-clang | 0.5-3 | 145.72 | NOTE | |||
r-devel-linux-x86_64-fedora-gcc | 0.5-3 | 142.00 | NOTE | |||
r-devel-windows-x86_64 | 0.5-3 | 40.00 | 90.00 | 130.00 | NOTE | |
r-patched-linux-x86_64 | 0.5-3 | 36.55 | 38.51 | 75.06 | NOTE | |
r-release-linux-x86_64 | 0.5-3 | 33.71 | 38.09 | 71.80 | NOTE | |
r-release-macos-arm64 | 0.5-3 | 37.00 | NOTE | |||
r-release-macos-x86_64 | 0.5-3 | 46.00 | NOTE | |||
r-release-windows-x86_64 | 0.5-3 | 43.00 | 82.00 | 125.00 | NOTE | |
r-oldrel-macos-arm64 | 0.5-3 | 42.00 | OK | |||
r-oldrel-macos-x86_64 | 0.5-3 | 71.00 | OK | |||
r-oldrel-windows-x86_64 | 0.5-3 | 50.00 | 100.00 | 150.00 | OK |
Version: 0.5-3
Check: Rd files
Result: NOTE
checkRd: (-1) FitAkdParameters.Rd:23: Lost braces; missing escapes or markup?
23 | p(y|ens) = 1 / K * sum {dnorm(y, z.i, s)} \cr
| ^
Flavors: r-devel-linux-x86_64-debian-clang, r-devel-linux-x86_64-debian-gcc, r-devel-linux-x86_64-fedora-clang, r-devel-linux-x86_64-fedora-gcc, r-devel-windows-x86_64, r-patched-linux-x86_64, r-release-linux-x86_64, r-release-macos-arm64, r-release-macos-x86_64, r-release-windows-x86_64