Last updated on 2024-06-30 00:59:27 CEST.
Flavor | Version | Tinstall | Tcheck | Ttotal | Status | Flags |
---|---|---|---|---|---|---|
r-devel-linux-x86_64-debian-clang | 0.8.2 | 39.38 | 358.47 | 397.85 | NOTE | |
r-devel-linux-x86_64-debian-gcc | 0.8.2 | 33.59 | 254.11 | 287.70 | NOTE | |
r-devel-linux-x86_64-fedora-clang | 0.8.2 | 525.93 | NOTE | |||
r-devel-linux-x86_64-fedora-gcc | 0.8.2 | 482.01 | NOTE | |||
r-devel-windows-x86_64 | 0.8.2 | 34.00 | 229.00 | 263.00 | NOTE | |
r-patched-linux-x86_64 | 0.8.2 | 32.54 | 339.01 | 371.55 | OK | |
r-release-linux-x86_64 | 0.8.2 | 39.02 | 336.14 | 375.16 | OK | |
r-release-macos-arm64 | 0.8.2 | 112.00 | OK | |||
r-release-macos-x86_64 | 0.8.2 | 210.00 | OK | |||
r-release-windows-x86_64 | 0.8.2 | 34.00 | 227.00 | 261.00 | OK | |
r-oldrel-macos-arm64 | 0.8.2 | 117.00 | OK | |||
r-oldrel-macos-x86_64 | 0.8.2 | 220.00 | OK | |||
r-oldrel-windows-x86_64 | 0.8.2 | 46.00 | 444.00 | 490.00 | OK |
Version: 0.8.2
Check: compiled code
Result: NOTE
File ‘SpatialKDE/libs/SpatialKDE.so’:
Found non-API calls to R: ‘SETLENGTH’, ‘SET_GROWABLE_BIT’,
‘SET_TRUELENGTH’
Compiled code should not call non-API entry points in R.
See ‘Writing portable packages’ in the ‘Writing R Extensions’ manual.
See section ‘Moving into C API compliance’ in the ‘Writing R
Extensions’ manual for issues with use of non-API entry points.
Flavors: r-devel-linux-x86_64-debian-clang, r-devel-linux-x86_64-debian-gcc, r-devel-linux-x86_64-fedora-clang
Version: 0.8.2
Check: compiled code
Result: NOTE
File ‘SpatialKDE/libs/SpatialKDE.so’:
Found non-API calls to R: ‘SETLENGTH’, ‘SET_GROWABLE_BIT’,
‘SET_TRUELENGTH’
Compiled code should not call non-API entry points in R.
See ‘Writing portable packages’ in the ‘Writing R Extensions’ manual.
Flavor: r-devel-linux-x86_64-fedora-gcc
Version: 0.8.2
Check: compiled code
Result: NOTE
File 'SpatialKDE/libs/x64/SpatialKDE.dll':
Found non-API calls to R: 'SETLENGTH', 'SET_GROWABLE_BIT',
'SET_TRUELENGTH'
Compiled code should not call non-API entry points in R.
See 'Writing portable packages' in the 'Writing R Extensions' manual.
See section 'Moving into C API compliance' in the 'Writing R
Extensions' manual for issues with use of non-API entry points.
Flavor: r-devel-windows-x86_64