Last updated on 2025-04-29 01:49:48 CEST.
Flavor | Version | Tinstall | Tcheck | Ttotal | Status | Flags |
---|---|---|---|---|---|---|
r-devel-linux-x86_64-debian-clang | 2.2-4 | 8.76 | 84.21 | 92.97 | OK | |
r-devel-linux-x86_64-debian-gcc | 2.2-4 | 6.76 | 61.98 | 68.74 | NOTE | |
r-devel-linux-x86_64-fedora-clang | 2.2-4 | 147.74 | OK | |||
r-devel-linux-x86_64-fedora-gcc | 2.2-4 | 147.21 | OK | |||
r-devel-windows-x86_64 | 2.2-4 | 10.00 | 98.00 | 108.00 | OK | |
r-patched-linux-x86_64 | 2.2-4 | 9.19 | 81.61 | 90.80 | OK | |
r-release-linux-x86_64 | 2.2-4 | 9.16 | 82.26 | 91.42 | OK | |
r-release-macos-arm64 | 2.2-4 | 46.00 | OK | |||
r-release-macos-x86_64 | 2.2-4 | 129.00 | OK | |||
r-release-windows-x86_64 | 2.2-4 | 11.00 | 99.00 | 110.00 | OK | |
r-oldrel-macos-arm64 | 2.2-4 | 40.00 | OK | |||
r-oldrel-macos-x86_64 | 2.2-4 | 71.00 | OK | |||
r-oldrel-windows-x86_64 | 2.2-4 | 15.00 | 117.00 | 132.00 | OK |
Version: 2.2-4
Check: CRAN incoming feasibility
Result: NOTE
Maintainer: ‘Altieri Linda <linda.altieri@unibo.it>’
No Authors@R field in DESCRIPTION.
Please add one, modifying
Authors@R: c(person(given = "L.",
family = "Altieri",
role = "aut"),
person(given = "D.",
family = "Cocchi",
role = "aut"),
person(given = "G.",
family = "Roli",
role = "aut"),
person(given = "Altieri",
family = "Linda",
role = "cre",
email = "linda.altieri@unibo.it"))
as necessary.
Flavor: r-devel-linux-x86_64-debian-gcc