Last updated on 2025-04-29 01:49:48 CEST.
Flavor | Version | Tinstall | Tcheck | Ttotal | Status | Flags |
---|---|---|---|---|---|---|
r-devel-linux-x86_64-debian-clang | 2.0.1 | 2.69 | 24.50 | 27.19 | OK | |
r-devel-linux-x86_64-debian-gcc | 2.0.1 | 1.92 | 19.37 | 21.29 | NOTE | |
r-devel-linux-x86_64-fedora-clang | 2.0.1 | 42.52 | OK | |||
r-devel-linux-x86_64-fedora-gcc | 2.0.1 | 42.34 | OK | |||
r-devel-windows-x86_64 | 2.0.1 | 3.00 | 48.00 | 51.00 | OK | |
r-patched-linux-x86_64 | 2.0.1 | 3.20 | 23.92 | 27.12 | OK | |
r-release-linux-x86_64 | 2.0.1 | 2.62 | 24.06 | 26.68 | OK | |
r-release-macos-arm64 | 2.0.1 | 21.00 | OK | |||
r-release-macos-x86_64 | 2.0.1 | 28.00 | OK | |||
r-release-windows-x86_64 | 2.0.1 | 4.00 | 53.00 | 57.00 | OK | |
r-oldrel-macos-arm64 | 2.0.1 | 17.00 | OK | |||
r-oldrel-macos-x86_64 | 2.0.1 | 25.00 | OK | |||
r-oldrel-windows-x86_64 | 2.0.1 | 4.00 | 53.00 | 57.00 | OK |
Version: 2.0.1
Check: CRAN incoming feasibility
Result: NOTE
Maintainer: ‘Lax Chan <laxchan77@gmail.com>’
The Description field contains
W., Vincent, K (2019) <arXiv:1902.05156>. This package explicitly
Please refer to arXiv e-prints via their arXiv DOI <doi:10.48550/arXiv.YYMM.NNNNN>.
Flavor: r-devel-linux-x86_64-debian-gcc