Last updated on 2025-07-21 01:49:16 CEST.
Flavor | Version | Tinstall | Tcheck | Ttotal | Status | Flags |
---|---|---|---|---|---|---|
r-devel-linux-x86_64-debian-clang | 2.0.7 | 40.69 | 466.72 | 507.41 | OK | |
r-devel-linux-x86_64-debian-gcc | 2.0.7 | 25.66 | 309.40 | 335.06 | OK | |
r-devel-linux-x86_64-fedora-clang | 2.0.7 | 792.36 | OK | |||
r-devel-linux-x86_64-fedora-gcc | 2.0.7 | 746.42 | OK | |||
r-devel-windows-x86_64 | 2.0.7 | 39.00 | 375.00 | 414.00 | OK | |
r-patched-linux-x86_64 | 2.0.7 | 34.44 | 424.84 | 459.28 | OK | |
r-release-linux-x86_64 | 2.0.7 | 35.44 | 429.17 | 464.61 | OK | |
r-release-macos-arm64 | 2.0.7 | 205.00 | OK | |||
r-release-macos-x86_64 | 2.0.7 | 407.00 | OK | |||
r-release-windows-x86_64 | 2.0.7 | 39.00 | 367.00 | 406.00 | OK | |
r-oldrel-macos-arm64 | 2.0.7 | 175.00 | NOTE | |||
r-oldrel-macos-x86_64 | 2.0.7 | 283.00 | NOTE | |||
r-oldrel-windows-x86_64 | 2.0.7 | 53.00 | 536.00 | 589.00 | NOTE |
Version: 2.0.7
Check: package dependencies
Result: NOTE
Package suggested but not available for checking: ‘NLMR’
Flavors: r-oldrel-macos-arm64, r-oldrel-macos-x86_64, r-oldrel-windows-x86_64