Last updated on 2025-05-19 12:50:18 CEST.
Flavor | Version | Tinstall | Tcheck | Ttotal | Status | Flags |
---|---|---|---|---|---|---|
r-devel-linux-x86_64-debian-clang | 1.7.0 | 14.27 | 136.69 | 150.96 | NOTE | |
r-devel-linux-x86_64-debian-gcc | 1.7.0 | 9.28 | 95.88 | 105.16 | NOTE | |
r-devel-linux-x86_64-fedora-clang | 1.7.0 | 227.58 | NOTE | |||
r-devel-linux-x86_64-fedora-gcc | 1.7.0 | 231.49 | NOTE | |||
r-devel-windows-x86_64 | 1.7.0 | 14.00 | 143.00 | 157.00 | NOTE | |
r-patched-linux-x86_64 | 1.7.0 | 12.39 | 126.17 | 138.56 | NOTE | |
r-release-linux-x86_64 | 1.7.0 | 13.04 | 125.72 | 138.76 | NOTE | |
r-release-macos-arm64 | 1.7.0 | 65.00 | NOTE | |||
r-release-macos-x86_64 | 1.7.0 | 149.00 | NOTE | |||
r-release-windows-x86_64 | 1.7.0 | 15.00 | 142.00 | 157.00 | NOTE | |
r-oldrel-macos-arm64 | 1.7.0 | 67.00 | NOTE | |||
r-oldrel-macos-x86_64 | 1.7.0 | 101.00 | NOTE | |||
r-oldrel-windows-x86_64 | 1.7.0 | 19.00 | 175.00 | 194.00 | NOTE |
Version: 1.7.0
Check: Rd files
Result: NOTE
checkRd: (-1) spe.Rd:101: Lost braces
101 | code{spe} command; (4) \code{alpha} stores significance level as in
| ^
Flavors: r-devel-linux-x86_64-debian-clang, r-devel-linux-x86_64-debian-gcc, r-devel-linux-x86_64-fedora-clang, r-devel-linux-x86_64-fedora-gcc, r-devel-windows-x86_64, r-patched-linux-x86_64, r-release-linux-x86_64, r-release-macos-arm64, r-release-macos-x86_64, r-release-windows-x86_64, r-oldrel-macos-arm64, r-oldrel-macos-x86_64, r-oldrel-windows-x86_64