Last updated on 2025-02-22 00:50:00 CET.
Flavor | Version | Tinstall | Tcheck | Ttotal | Status | Flags |
---|---|---|---|---|---|---|
r-devel-linux-x86_64-debian-clang | 0.7.3 | 5.56 | 78.41 | 83.97 | NOTE | |
r-devel-linux-x86_64-debian-gcc | 0.7.3 | 3.51 | 55.51 | 59.02 | NOTE | |
r-devel-linux-x86_64-fedora-clang | 0.7.3 | 146.09 | NOTE | |||
r-devel-linux-x86_64-fedora-gcc | 0.7.3 | 139.66 | NOTE | |||
r-devel-macos-arm64 | 0.7.3 | 52.00 | OK | |||
r-devel-macos-x86_64 | 0.7.3 | 100.00 | NOTE | |||
r-devel-windows-x86_64 | 0.7.3 | 7.00 | 102.00 | 109.00 | NOTE | |
r-patched-linux-x86_64 | 0.7.3 | 5.60 | 72.04 | 77.64 | OK | |
r-release-linux-x86_64 | 0.7.3 | 5.83 | 72.28 | 78.11 | OK | |
r-release-macos-arm64 | 0.7.3 | 49.00 | OK | |||
r-release-macos-x86_64 | 0.7.3 | 106.00 | OK | |||
r-release-windows-x86_64 | 0.7.3 | 7.00 | 98.00 | 105.00 | OK | |
r-oldrel-macos-arm64 | 0.7.3 | 51.00 | OK | |||
r-oldrel-macos-x86_64 | 0.7.3 | 83.00 | OK | |||
r-oldrel-windows-x86_64 | 0.7.3 | 10.00 | 119.00 | 129.00 | OK |
Version: 0.7.3
Check: DESCRIPTION meta-information
Result: NOTE
Missing dependency on R >= 4.1.0 because package code uses the pipe
|> or function shorthand \(...) syntax added in R 4.1.0.
File(s) using such syntax:
‘calculate-effect-sizes.R’
Flavors: r-devel-linux-x86_64-debian-clang, r-devel-linux-x86_64-debian-gcc, r-devel-linux-x86_64-fedora-clang, r-devel-linux-x86_64-fedora-gcc, r-devel-macos-x86_64, r-devel-windows-x86_64