CRAN Package Check Results for Package SerolyzeR

Last updated on 2025-04-29 01:49:47 CEST.

Flavor Version Tinstall Tcheck Ttotal Status Flags
r-devel-linux-x86_64-debian-clang 1.1.0 11.56 227.42 238.98 OK
r-devel-linux-x86_64-debian-gcc 1.1.0 7.76 153.60 161.36 NOTE
r-devel-linux-x86_64-fedora-clang 1.1.0 370.53 OK
r-devel-linux-x86_64-fedora-gcc 1.1.0 390.12 OK
r-devel-windows-x86_64 1.1.0 14.00 225.00 239.00 OK
r-patched-linux-x86_64 1.1.0 14.29 222.21 236.50 OK
r-release-linux-x86_64 1.1.0 13.29 221.90 235.19 OK
r-release-macos-arm64 1.1.0 145.00 OK
r-release-macos-x86_64 1.1.0 184.00 OK
r-release-windows-x86_64 1.1.0 15.00 229.00 244.00 OK
r-oldrel-macos-arm64 1.1.0 98.00 OK
r-oldrel-macos-x86_64 1.1.0 194.00 OK
r-oldrel-windows-x86_64 1.1.0 19.00 306.00 325.00 OK

Check Details

Version: 1.1.0
Check: examples
Result: NOTE Examples with CPU (user + system) or elapsed time > 5s user system elapsed generate_plate_report 5.234 0.201 7.574 process_file 5.266 0.164 6.569 generate_levey_jennings_report 4.378 0.206 6.676 Flavor: r-devel-linux-x86_64-debian-gcc