Last updated on 2025-04-29 01:49:47 CEST.
Flavor | Version | Tinstall | Tcheck | Ttotal | Status | Flags |
---|---|---|---|---|---|---|
r-devel-linux-x86_64-debian-clang | 0.7 | 17.91 | 187.27 | 205.18 | OK | |
r-devel-linux-x86_64-debian-gcc | 0.7 | 13.83 | 139.23 | 153.06 | NOTE | |
r-devel-linux-x86_64-fedora-clang | 0.7 | 327.03 | OK | |||
r-devel-linux-x86_64-fedora-gcc | 0.7 | 330.96 | OK | |||
r-devel-windows-x86_64 | 0.7 | 22.00 | 174.00 | 196.00 | OK | |
r-patched-linux-x86_64 | 0.7 | 16.97 | 185.41 | 202.38 | OK | |
r-release-linux-x86_64 | 0.7 | 16.85 | 183.23 | 200.08 | OK | |
r-release-macos-arm64 | 0.7 | 89.00 | OK | |||
r-release-macos-x86_64 | 0.7 | 172.00 | OK | |||
r-release-windows-x86_64 | 0.7 | 24.00 | 172.00 | 196.00 | OK | |
r-oldrel-macos-arm64 | 0.7 | 85.00 | OK | |||
r-oldrel-macos-x86_64 | 0.7 | 129.00 | OK | |||
r-oldrel-windows-x86_64 | 0.7 | 27.00 | 229.00 | 256.00 | OK |
Version: 0.7
Check: CRAN incoming feasibility
Result: NOTE
Maintainer: ‘Ibtihel Rebhi <ibtihel.rebhi@enit.utm.tn>’
No Authors@R field in DESCRIPTION.
Please add one, modifying
Authors@R: c(person(given = "Ibtihel",
family = "Rebhi",
role = c("aut", "cre"),
email = "ibtihel.rebhi@enit.utm.tn"),
person(given = "Dhafer",
family = "Malouche",
role = "ctb"))
as necessary.
Flavor: r-devel-linux-x86_64-debian-gcc