CRAN Package Check Results for Package Select

Last updated on 2025-04-29 01:49:47 CEST.

Flavor Version Tinstall Tcheck Ttotal Status Flags
r-devel-linux-x86_64-debian-clang 1.4 1.91 29.77 31.68 OK
r-devel-linux-x86_64-debian-gcc 1.4 1.44 24.45 25.89 NOTE
r-devel-linux-x86_64-fedora-clang 1.4 51.34 NOTE
r-devel-linux-x86_64-fedora-gcc 1.4 63.24 NOTE
r-devel-windows-x86_64 1.4 3.00 50.00 53.00 OK
r-patched-linux-x86_64 1.4 2.11 29.30 31.41 OK
r-release-linux-x86_64 1.4 2.02 29.23 31.25 OK
r-release-macos-arm64 1.4 33.00 OK
r-release-macos-x86_64 1.4 48.00 OK
r-release-windows-x86_64 1.4 4.00 54.00 58.00 OK
r-oldrel-macos-arm64 1.4 26.00 OK
r-oldrel-macos-x86_64 1.4 37.00 OK
r-oldrel-windows-x86_64 1.4 4.00 56.00 60.00 OK

Check Details

Version: 1.4
Check: CRAN incoming feasibility
Result: NOTE Maintainer: ‘Daniel Laughlin <danielclaughlin@gmail.com>’ The Description field contains (2014, Ecology Letters) <doi.org/10.1111/ele.12288>. Please write DOIs as <doi:prefix/suffix>. Flavor: r-devel-linux-x86_64-debian-gcc

Version: 1.4
Check: dependencies in R code
Result: NOTE Namespace in Imports field not imported from: ‘FD’ All declared Imports should be used. Flavors: r-devel-linux-x86_64-fedora-clang, r-devel-linux-x86_64-fedora-gcc