Last updated on 2025-07-20 12:49:36 CEST.
Flavor | Version | Tinstall | Tcheck | Ttotal | Status | Flags |
---|---|---|---|---|---|---|
r-devel-linux-x86_64-debian-clang | 1.0 | 18.56 | 44.81 | 63.37 | NOTE | |
r-devel-linux-x86_64-debian-gcc | 1.0 | 14.79 | 36.35 | 51.14 | NOTE | |
r-devel-linux-x86_64-fedora-clang | 1.0 | 109.97 | OK | |||
r-devel-linux-x86_64-fedora-gcc | 1.0 | 102.19 | OK | |||
r-devel-windows-x86_64 | 1.0 | 26.00 | 88.00 | 114.00 | OK | |
r-patched-linux-x86_64 | 1.0 | 21.21 | 45.46 | 66.67 | OK | |
r-release-linux-x86_64 | 1.0 | 20.95 | 43.96 | 64.91 | OK | |
r-release-macos-arm64 | 1.0 | 41.00 | OK | |||
r-release-macos-x86_64 | 1.0 | 76.00 | OK | |||
r-release-windows-x86_64 | 1.0 | 25.00 | 96.00 | 121.00 | OK | |
r-oldrel-macos-arm64 | 1.0 | 36.00 | OK | |||
r-oldrel-macos-x86_64 | 1.0 | 62.00 | OK | |||
r-oldrel-windows-x86_64 | 1.0 | 30.00 | 106.00 | 136.00 | OK |
Version: 1.0
Check: CRAN incoming feasibility
Result: NOTE
Maintainer: ‘Niloy Biswas <niloy_biswas@g.harvard.edu>’
The Description field contains
<arXiv:2204.01668>.
Please refer to arXiv e-prints via their arXiv DOI <doi:10.48550/arXiv.YYMM.NNNNN>.
Flavors: r-devel-linux-x86_64-debian-clang, r-devel-linux-x86_64-debian-gcc