Last updated on 2025-02-22 00:50:02 CET.
Flavor | Version | Tinstall | Tcheck | Ttotal | Status | Flags |
---|---|---|---|---|---|---|
r-devel-linux-x86_64-debian-clang | 1.1.0 | 4.61 | 34.32 | 38.93 | OK | |
r-devel-linux-x86_64-debian-gcc | 1.1.0 | 2.71 | 26.23 | 28.94 | OK | |
r-devel-linux-x86_64-fedora-clang | 1.1.0 | 64.81 | NOTE | |||
r-devel-linux-x86_64-fedora-gcc | 1.1.0 | 58.92 | NOTE | |||
r-devel-macos-arm64 | 1.1.0 | 27.00 | OK | |||
r-devel-macos-x86_64 | 1.1.0 | 36.00 | OK | |||
r-devel-windows-x86_64 | 1.1.0 | 11.00 | 64.00 | 75.00 | OK | |
r-patched-linux-x86_64 | 1.1.0 | 5.09 | 32.56 | 37.65 | OK | |
r-release-linux-x86_64 | 1.1.0 | 3.54 | 32.43 | 35.97 | OK | |
r-release-macos-arm64 | 1.1.0 | 20.00 | OK | |||
r-release-macos-x86_64 | 1.1.0 | 31.00 | OK | |||
r-release-windows-x86_64 | 1.1.0 | 8.00 | 63.00 | 71.00 | OK | |
r-oldrel-macos-arm64 | 1.1.0 | 27.00 | OK | |||
r-oldrel-macos-x86_64 | 1.1.0 | 39.00 | OK | |||
r-oldrel-windows-x86_64 | 1.1.0 | 8.00 | 74.00 | 82.00 | OK |
Version: 1.1.0
Check: dependencies in R code
Result: NOTE
Namespace in Imports field not imported from: ‘prettymapr’
All declared Imports should be used.
Flavors: r-devel-linux-x86_64-fedora-clang, r-devel-linux-x86_64-fedora-gcc