CRAN Package Check Results for Package SWMPr

Last updated on 2025-04-29 01:49:49 CEST.

Flavor Version Tinstall Tcheck Ttotal Status Flags
r-devel-linux-x86_64-debian-clang 2.5.2 15.27 212.70 227.97 OK
r-devel-linux-x86_64-debian-gcc 2.5.2 8.45 149.74 158.19 NOTE
r-devel-linux-x86_64-fedora-clang 2.5.2 357.44 OK
r-devel-linux-x86_64-fedora-gcc 2.5.2 362.96 OK
r-devel-windows-x86_64 2.5.2 16.00 256.00 272.00 OK
r-patched-linux-x86_64 2.5.2 15.91 208.06 223.97 OK
r-release-linux-x86_64 2.5.2 13.60 203.14 216.74 OK
r-release-macos-arm64 2.5.2 122.00 OK
r-release-macos-x86_64 2.5.2 236.00 OK
r-release-windows-x86_64 2.5.2 17.00 261.00 278.00 OK
r-oldrel-macos-arm64 2.5.2 111.00 OK
r-oldrel-macos-x86_64 2.5.2 248.00 OK
r-oldrel-windows-x86_64 2.5.2 22.00 326.00 348.00 OK

Check Details

Version: 2.5.2
Check: examples
Result: NOTE Examples with CPU (user + system) or elapsed time > 5s user system elapsed plot_summary 3.947 0.149 5.469 plot_quants 3.382 0.097 5.067 Flavor: r-devel-linux-x86_64-debian-gcc