CRAN Package Check Results for Package SWIM

Last updated on 2025-04-29 01:49:49 CEST.

Flavor Version Tinstall Tcheck Ttotal Status Flags
r-devel-linux-x86_64-debian-clang 1.0.0 8.67 122.22 130.89 NOTE
r-devel-linux-x86_64-debian-gcc 1.0.0 7.58 92.72 100.30 NOTE
r-devel-linux-x86_64-fedora-clang 1.0.0 213.31 NOTE
r-devel-linux-x86_64-fedora-gcc 1.0.0 217.71 NOTE
r-devel-windows-x86_64 1.0.0 10.00 141.00 151.00 NOTE
r-patched-linux-x86_64 1.0.0 9.53 123.13 132.66 NOTE
r-release-linux-x86_64 1.0.0 8.22 122.30 130.52 NOTE
r-release-macos-arm64 1.0.0 66.00 NOTE
r-release-macos-x86_64 1.0.0 120.00 NOTE
r-release-windows-x86_64 1.0.0 11.00 143.00 154.00 NOTE
r-oldrel-macos-arm64 1.0.0 65.00 NOTE
r-oldrel-macos-x86_64 1.0.0 95.00 NOTE
r-oldrel-windows-x86_64 1.0.0 15.00 173.00 188.00 NOTE

Check Details

Version: 1.0.0
Check: package subdirectories
Result: NOTE Problems with news in ‘NEWS.md’: Cannot extract version info from the following section titles: Additional functions and data sets Amendments to functions Flavors: r-devel-linux-x86_64-debian-clang, r-devel-linux-x86_64-debian-gcc, r-devel-linux-x86_64-fedora-clang, r-devel-linux-x86_64-fedora-gcc, r-devel-windows-x86_64, r-patched-linux-x86_64, r-release-linux-x86_64, r-release-macos-arm64, r-release-macos-x86_64, r-release-windows-x86_64, r-oldrel-macos-arm64, r-oldrel-macos-x86_64, r-oldrel-windows-x86_64

Version: 1.0.0
Check: CRAN incoming feasibility
Result: NOTE Maintainer: ‘Silvana M. Pesenti <swimpackage@gmail.com>’ Package CITATION file contains call(s) to old-style personList() or as.personList(). Please use c() on person objects instead. Package CITATION file contains call(s) to old-style citEntry(). Please use bibentry() instead. Flavor: r-devel-linux-x86_64-debian-gcc