Last updated on 2025-07-20 01:49:42 CEST.
Flavor | Version | Tinstall | Tcheck | Ttotal | Status | Flags |
---|---|---|---|---|---|---|
r-devel-linux-x86_64-debian-clang | 2.0 | 7.88 | 69.66 | 77.54 | NOTE | |
r-devel-linux-x86_64-debian-gcc | 2.0 | 6.23 | 53.41 | 59.64 | NOTE | |
r-devel-linux-x86_64-fedora-clang | 2.0 | 119.51 | OK | |||
r-devel-linux-x86_64-fedora-gcc | 2.0 | 113.35 | OK | |||
r-devel-windows-x86_64 | 2.0 | 9.00 | 97.00 | 106.00 | OK | |
r-patched-linux-x86_64 | 2.0 | 7.93 | 66.19 | 74.12 | OK | |
r-release-linux-x86_64 | 2.0 | 7.73 | 67.62 | 75.35 | OK | |
r-release-macos-arm64 | 2.0 | 41.00 | OK | |||
r-release-macos-x86_64 | 2.0 | 81.00 | OK | |||
r-release-windows-x86_64 | 2.0 | 8.00 | 91.00 | 99.00 | OK | |
r-oldrel-macos-arm64 | 2.0 | 37.00 | OK | |||
r-oldrel-macos-x86_64 | 2.0 | 66.00 | OK | |||
r-oldrel-windows-x86_64 | 2.0 | 11.00 | 106.00 | 117.00 | OK |
Version: 2.0
Check: CRAN incoming feasibility
Result: NOTE
Maintainer: ‘E. P. Adams <eric.adams@orau.org>’
No Authors@R field in DESCRIPTION.
Please add one, modifying
Authors@R: c(person(given = c("E.", "L."),
family = "Frome",
role = "aut",
email = "fromeEL@ornl.gov"),
person(given = c("D.", "P."),
family = "Frome",
role = "aut"),
person(given = c("E.", "P."),
family = "Adams",
role = "cre",
email = "eric.adams@orau.org"))
as necessary.
Flavors: r-devel-linux-x86_64-debian-clang, r-devel-linux-x86_64-debian-gcc