Last updated on 2025-07-21 01:49:17 CEST.
Flavor | Version | Tinstall | Tcheck | Ttotal | Status | Flags |
---|---|---|---|---|---|---|
r-devel-linux-x86_64-debian-clang | 0.0.3 | 24.03 | 177.86 | 201.89 | NOTE | |
r-devel-linux-x86_64-debian-gcc | 0.0.3 | 19.37 | 134.59 | 153.96 | NOTE | |
r-devel-linux-x86_64-fedora-clang | 0.0.3 | 314.36 | OK | |||
r-devel-linux-x86_64-fedora-gcc | 0.0.3 | 317.77 | OK | |||
r-devel-windows-x86_64 | 0.0.3 | 24.00 | 156.00 | 180.00 | OK | |
r-patched-linux-x86_64 | 0.0.3 | 25.42 | 168.41 | 193.83 | OK | |
r-release-linux-x86_64 | 0.0.3 | 28.79 | 167.32 | 196.11 | OK | |
r-release-macos-arm64 | 0.0.3 | 86.00 | OK | |||
r-release-macos-x86_64 | 0.0.3 | 204.00 | OK | |||
r-release-windows-x86_64 | 0.0.3 | 22.00 | 151.00 | 173.00 | OK | |
r-oldrel-macos-arm64 | 0.0.3 | 86.00 | OK | |||
r-oldrel-macos-x86_64 | 0.0.3 | 144.00 | OK | |||
r-oldrel-windows-x86_64 | 0.0.3 | 30.00 | 200.00 | 230.00 | OK |
Version: 0.0.3
Check: CRAN incoming feasibility
Result: NOTE
Maintainer: ‘Edgar Santos-Fernandez <santosfe@qut.edu.au>’
The Description field contains
<arXiv:2103.03538>. In these models, spatial dependence is captured
Please refer to arXiv e-prints via their arXiv DOI <doi:10.48550/arXiv.YYMM.NNNNN>.
Flavors: r-devel-linux-x86_64-debian-clang, r-devel-linux-x86_64-debian-gcc