Last updated on 2025-04-29 01:49:49 CEST.
Flavor | Version | Tinstall | Tcheck | Ttotal | Status | Flags |
---|---|---|---|---|---|---|
r-devel-linux-x86_64-debian-clang | 0.2.1 | 21.65 | 461.34 | 482.99 | OK | |
r-devel-linux-x86_64-debian-gcc | 0.2.1 | 15.38 | 288.25 | 303.63 | NOTE | |
r-devel-linux-x86_64-fedora-clang | 0.2.1 | 759.92 | OK | |||
r-devel-linux-x86_64-fedora-gcc | 0.2.1 | 750.76 | OK | |||
r-devel-windows-x86_64 | 0.2.1 | 24.00 | 366.00 | 390.00 | OK | |
r-patched-linux-x86_64 | 0.2.1 | 23.58 | 436.11 | 459.69 | OK | |
r-release-linux-x86_64 | 0.2.1 | 21.38 | 433.82 | 455.20 | OK | |
r-release-macos-arm64 | 0.2.1 | 171.00 | OK | |||
r-release-macos-x86_64 | 0.2.1 | 385.00 | OK | |||
r-release-windows-x86_64 | 0.2.1 | 26.00 | 367.00 | 393.00 | OK | |
r-oldrel-macos-arm64 | 0.2.1 | 173.00 | OK | |||
r-oldrel-macos-x86_64 | 0.2.1 | 473.00 | OK | |||
r-oldrel-windows-x86_64 | 0.2.1 | 33.00 | 510.00 | 543.00 | OK |
Version: 0.2.1
Check: examples
Result: NOTE
Examples with CPU (user + system) or elapsed time > 5s
user system elapsed
deviance.SSN2 3.414 0.007 5.238
Flavor: r-devel-linux-x86_64-debian-gcc