Last updated on 2024-08-16 12:49:21 CEST.
Flavor | Version | Tinstall | Tcheck | Ttotal | Status | Flags |
---|---|---|---|---|---|---|
r-devel-linux-x86_64-debian-clang | 1.0.0 | 23.99 | 308.47 | 332.46 | NOTE | |
r-devel-linux-x86_64-debian-gcc | 1.0.0 | 17.45 | 207.16 | 224.61 | NOTE | |
r-devel-linux-x86_64-fedora-clang | 1.0.0 | 552.07 | OK | |||
r-devel-linux-x86_64-fedora-gcc | 1.0.0 | 561.06 | OK | |||
r-devel-windows-x86_64 | 1.0.0 | 24.00 | 303.00 | 327.00 | NOTE | |
r-patched-linux-x86_64 | 1.0.0 | 26.82 | 288.31 | 315.13 | OK | |
r-release-linux-x86_64 | 1.0.0 | 20.40 | 293.31 | 313.71 | OK | |
r-release-macos-arm64 | 1.0.0 | 164.00 | NOTE | |||
r-release-macos-x86_64 | 1.0.0 | 270.00 | NOTE | |||
r-release-windows-x86_64 | 1.0.0 | 24.00 | 300.00 | 324.00 | OK | |
r-oldrel-macos-arm64 | 1.0.0 | 163.00 | NOTE | |||
r-oldrel-macos-x86_64 | 1.0.0 | 390.00 | NOTE | |||
r-oldrel-windows-x86_64 | 1.0.0 | 33.00 | 390.00 | 423.00 | OK |
Version: 1.0.0
Check: Rd cross-references
Result: NOTE
Found the following Rd file(s) with Rd \link{} targets missing package
anchors:
speck.Rd: Ckmeans.1d.dp
Please provide package anchors for all Rd \link{} targets not in the
package itself and the base packages.
Flavors: r-devel-linux-x86_64-debian-clang, r-devel-linux-x86_64-debian-gcc, r-devel-windows-x86_64
Version: 1.0.0
Check: installed package size
Result: NOTE
installed size is 5.5Mb
sub-directories of 1Mb or more:
data 4.8Mb
Flavors: r-release-macos-arm64, r-release-macos-x86_64, r-oldrel-macos-arm64, r-oldrel-macos-x86_64