Last updated on 2025-04-29 01:49:48 CEST.
Flavor | Version | Tinstall | Tcheck | Ttotal | Status | Flags |
---|---|---|---|---|---|---|
r-devel-linux-x86_64-debian-clang | 0.1.0 | 7.96 | 64.75 | 72.71 | OK | |
r-devel-linux-x86_64-debian-gcc | 0.1.0 | 6.19 | 47.85 | 54.04 | NOTE | |
r-devel-linux-x86_64-fedora-clang | 0.1.0 | 114.29 | OK | |||
r-devel-linux-x86_64-fedora-gcc | 0.1.0 | 110.87 | OK | |||
r-devel-windows-x86_64 | 0.1.0 | 9.00 | 75.00 | 84.00 | OK | |
r-patched-linux-x86_64 | 0.1.0 | 7.81 | 63.27 | 71.08 | OK | |
r-release-linux-x86_64 | 0.1.0 | 8.42 | 63.88 | 72.30 | OK | |
r-release-macos-arm64 | 0.1.0 | 39.00 | OK | |||
r-release-macos-x86_64 | 0.1.0 | 69.00 | OK | |||
r-release-windows-x86_64 | 0.1.0 | 9.00 | 75.00 | 84.00 | OK | |
r-oldrel-macos-arm64 | 0.1.0 | 36.00 | NOTE | |||
r-oldrel-macos-x86_64 | 0.1.0 | 54.00 | NOTE | |||
r-oldrel-windows-x86_64 | 0.1.0 | 12.00 | 88.00 | 100.00 | NOTE |
Version: 0.1.0
Check: CRAN incoming feasibility
Result: NOTE
Maintainer: ‘David A. Schoenfeld <dschoenfeld@mgh.harvard.edu>’
No Authors@R field in DESCRIPTION.
Please add one, modifying
Authors@R: person(given = c("David", "A."),
family = "Schoenfeld",
role = c("aut", "cre"),
email = "dschoenfeld@mgh.harvard.edu")
as necessary.
Flavor: r-devel-linux-x86_64-debian-gcc
Version: 0.1.0
Check: LazyData
Result: NOTE
'LazyData' is specified without a 'data' directory
Flavors: r-oldrel-macos-arm64, r-oldrel-macos-x86_64, r-oldrel-windows-x86_64