Last updated on 2024-06-30 00:59:26 CEST.
Flavor | Version | Tinstall | Tcheck | Ttotal | Status | Flags |
---|---|---|---|---|---|---|
r-devel-linux-x86_64-debian-clang | 2.1-0 | 18.39 | 307.60 | 325.99 | OK | |
r-devel-linux-x86_64-debian-gcc | 2.1-0 | 17.58 | 224.63 | 242.21 | OK | |
r-devel-linux-x86_64-fedora-clang | 2.1-0 | 427.80 | OK | |||
r-devel-linux-x86_64-fedora-gcc | 2.1-0 | 427.38 | OK | |||
r-devel-windows-x86_64 | 2.1-0 | 20.00 | 223.00 | 243.00 | OK | |
r-patched-linux-x86_64 | 2.1-0 | 14.28 | 296.43 | 310.71 | OK | |
r-release-linux-x86_64 | 2.1-0 | 14.61 | 298.40 | 313.01 | OK | |
r-release-macos-arm64 | 2.1-0 | 104.00 | NOTE | |||
r-release-macos-x86_64 | 2.1-0 | 165.00 | NOTE | |||
r-release-windows-x86_64 | 2.1-0 | 18.00 | 225.00 | 243.00 | OK | |
r-oldrel-macos-arm64 | 2.1-0 | 114.00 | NOTE | |||
r-oldrel-macos-x86_64 | 2.1-0 | 177.00 | NOTE | |||
r-oldrel-windows-x86_64 | 2.1-0 | 25.00 | 287.00 | 312.00 | OK |
Version: 2.1-0
Check: package dependencies
Result: NOTE
Package suggested but not available for checking: ‘TxDb.Hsapiens.UCSC.hg19.knownGene’
Flavors: r-release-macos-arm64, r-release-macos-x86_64
Version: 2.1-0
Check: package dependencies
Result: NOTE
Packages suggested but not available for checking:
'VariantAnnotation', 'TxDb.Hsapiens.UCSC.hg19.knownGene'
Flavor: r-oldrel-macos-arm64
Version: 2.1-0
Check: package dependencies
Result: NOTE
Packages suggested but not available for checking:
'VariantAnnotation', 'org.Hs.eg.db',
'TxDb.Hsapiens.UCSC.hg19.knownGene'
Flavor: r-oldrel-macos-x86_64