CRAN Package Check Results for Package SIRE

Last updated on 2025-05-19 01:50:08 CEST.

Flavor Version Tinstall Tcheck Ttotal Status Flags
r-devel-linux-x86_64-debian-clang 1.1.0 2.56 24.73 27.29 OK
r-devel-linux-x86_64-debian-gcc 1.1.0 1.47 19.45 20.92 OK
r-devel-linux-x86_64-fedora-clang 1.1.0 41.88 NOTE
r-devel-linux-x86_64-fedora-gcc 1.1.0 39.85 NOTE
r-devel-windows-x86_64 1.1.0 4.00 44.00 48.00 OK
r-patched-linux-x86_64 1.1.0 2.15 23.52 25.67 OK
r-release-linux-x86_64 1.1.0 2.40 23.34 25.74 OK
r-release-macos-arm64 1.1.0 19.00 OK
r-release-macos-x86_64 1.1.0 28.00 OK
r-release-windows-x86_64 1.1.0 4.00 46.00 50.00 OK
r-oldrel-macos-arm64 1.1.0 17.00 OK
r-oldrel-macos-x86_64 1.1.0 29.00 OK
r-oldrel-windows-x86_64 1.1.0 5.00 49.00 54.00 OK

Check Details

Version: 1.1.0
Check: dependencies in R code
Result: NOTE Namespaces in Imports field not imported from: ‘dplyr’ ‘magrittr’ ‘psych’ ‘stringr’ All declared Imports should be used. Flavors: r-devel-linux-x86_64-fedora-clang, r-devel-linux-x86_64-fedora-gcc