Last updated on 2024-08-16 12:49:19 CEST.
Flavor | Version | Tinstall | Tcheck | Ttotal | Status | Flags |
---|---|---|---|---|---|---|
r-devel-linux-x86_64-debian-clang | 1.0.0 | 50.55 | 393.58 | 444.13 | OK | |
r-devel-linux-x86_64-debian-gcc | 1.0.0 | 34.44 | 273.74 | 308.18 | OK | |
r-devel-linux-x86_64-fedora-clang | 1.0.0 | 682.24 | OK | |||
r-devel-linux-x86_64-fedora-gcc | 1.0.0 | 704.75 | OK | |||
r-devel-windows-x86_64 | 1.0.0 | 49.00 | 325.00 | 374.00 | OK | |
r-patched-linux-x86_64 | 1.0.0 | 48.10 | 366.86 | 414.96 | OK | |
r-release-linux-x86_64 | 1.0.0 | 46.16 | 372.55 | 418.71 | OK | |
r-release-macos-arm64 | 1.0.0 | 5.00 | ERROR | |||
r-release-macos-x86_64 | 1.0.0 | 265.00 | NOTE | |||
r-release-windows-x86_64 | 1.0.0 | 50.00 | 318.00 | 368.00 | OK | |
r-oldrel-macos-arm64 | 1.0.0 | 11.00 | ERROR | |||
r-oldrel-macos-x86_64 | 1.0.0 | 11.00 | ERROR | |||
r-oldrel-windows-x86_64 | 1.0.0 | 69.00 | 445.00 | 514.00 | OK |
Version: 1.0.0
Check: package dependencies
Result: ERROR
Package required but not available: ‘glmGamPoi’
Package suggested but not available for checking: ‘Linnorm’
See section ‘The DESCRIPTION file’ in the ‘Writing R Extensions’
manual.
Flavors: r-release-macos-arm64, r-oldrel-macos-arm64, r-oldrel-macos-x86_64
Version: 1.0.0
Check: package dependencies
Result: NOTE
Package suggested but not available for checking: ‘Linnorm’
Flavor: r-release-macos-x86_64